 (-14)/3*(-9)/k?
7
Let t(l) = -6*l - 9. Let k(g) = -g**2 + 1. Let x(j) = -k(j) - t(j). Let u be x(-6). Suppose 3*d - 32 + u = 0. List the prime factors of d.
2
Let t(v) = 2*v. What are the prime factors of t(3)?
2, 3
Suppose u - 3*j - 82 + 20 = 0, 3*u = 3*j + 162. List the prime factors of u.
2, 5
Let g be 33*(-4)/(-6) - 2. What are the prime factors of 1*g + (2 - 3)?
19
Let f(u) = 3*u**2 + 12*u + 7. What are the prime factors of f(-6)?
43
Suppose -6 = -6*n + 4*n. List the prime factors of n*(-5)/(45/(-87)).
29
Let o(n) be the first derivative of n**2/2 + n - 2. What are the prime factors of o(10)?
11
Let f = 2 + 4. Let w(v) = v**3 - 10*v**2 + 6*v + 8. Let a be w(f). List the prime factors of (-2)/6 - a/12.
2
What are the prime factors of ((-16)/6)/(-1*2/30)?
2, 5
Let t be 4 - (-4 - (0 - 3)). Suppose -3*v + 20 - t = 0. Suppose v*h - 2*h - 45 = 0. What are the prime factors of h?
3, 5
Let c(l) = l**2 + 11*l - 25. List the prime factors of c(-20).
5, 31
Suppose 4*j = -8*p + 4*p + 44, 4*j = 3*p - 40. Suppose -t = -5*c - p - 8, -5*t + c = -28. List the prime factors of t.
5
Suppose 0 = 3*t - 2*t + 2. Let u be (8/t)/(2 + -4). Let d = 7 - u. List the prime factors of d.
5
Let x(g) = g**3 + 10*g**2 + 4. Let z be x(-10). Suppose 0 = h - z - 1. List the prime factors of h.
5
Let r be ((-6)/3 - -32)/1. Suppose 0 = p - x + 2 - 8, -5*p - 5*x = -r. Suppose -p*s + s + 85 = 0. What are the prime factors of s?
17
Let p(x) = x**2 + x + 5. Let h be p(0). Let r = h + -2. Suppose -4 = 2*t - 3*t - 2*a, 3*a - r = 0. List the prime factors of t.
2
Let x = -23 - -194. List the prime factors of x.
3, 19
Let h(m) = -m**2 + m - 1. Let d(v) = -v**3 + 13*v**2 - 11*v + 3. Let j(t) = d(t) + 6*h(t). Let c(r) = 2*r + 2. Let l be c(2). List the prime factors of j(l).
3
Let f = 13 + -3. Let i = f - 3. What are the prime factors of i?
7
Let q = 60 - -8. List the prime factors of q.
2, 17
Let d(v) = v**3 + 5*v**2 + 3. Let k be d(-5). Suppose k*n - 108 = -n. List the prime factors of n.
3
Let v(d) = 4*d**3 + d**2 - d. Let p be v(1). Suppose -f + p*a = -1 - 1, -4*f - 5*a = -113. What are the prime factors of f?
2, 11
List the prime factors of (-6)/45 - 632/(-15).
2, 3, 7
Let w = 44 - 5. List the prime factors of w.
3, 13
Let t = 16 + -14. Suppose -t*n + 3*v + 26 = 0, 0*v = -4*n + 2*v + 52. What are the prime factors of n?
13
Let p(t) = t**3 - 8*t**2. Let w be 4/(0 + (-1)/(-2)). Let n be p(w). Suppose n + 14 = 2*c. What are the prime factors of c?
7
Let i be (2 - (2 + -2)) + 1. Suppose -5*j - i*p = -30, -3*p + 0 = -4*j - 3. Suppose -8 + 23 = j*s. What are the prime factors of s?
5
Let n(u) = -u + 1. Let i be n(0). Suppose -i + 2 = -x + 4*d, 5*d = 4*x - 29. List the prime factors of x.
11
Suppose 3*j = -j, -3*c - 5*j + 6 = 0. Let x be -52*(-2)/c*1. Suppose 2*m = -22 + x. What are the prime factors of m?
3, 5
Suppose 0 = 2*j - 2*n - 1 - 565, 3*n - 1111 = -4*j. List the prime factors of j.
2, 5, 7
Let x(r) = -r**3 + 15*r**2 - 20*r + 27. List the prime factors of x(12).
3, 73
Let g = -42 + 60. List the prime factors of 230/g - (-2)/9.
13
Suppose 5*d - 3*x = 250, 65 = -3*d - 5*x + 249. What are the prime factors of d?
53
List the prime factors of 28/154 + (-394)/(-11).
2, 3
List the prime factors of (-2)/7 - (-33288)/133.
2, 5
Let y(q) = -21*q**3 - 3*q**2 + 4*q + 3. List the prime factors of y(-2).
151
Let u(r) be the second derivative of 3*r**5/10 + r**3/6 + 3*r. Let d(t) = 2*t**2 + 2*t + 1. Let p be d(-1). What are the prime factors of u(p)?
7
What are the prime factors of (-10)/(-3)*((-144)/15)/(-1)?
2
Let v = 76 - 27. List the prime factors of v.
7
Suppose 0*h - 5*d = h - 10, 5*d = 2*h - 35. What are the prime factors of h?
3, 5
What are the prime factors of 2*(-3 + 2) - -229?
227
Suppose 8*v = 449 + 903. What are the prime factors of v?
13
Suppose -43 = -3*w + 35. Suppose -106 = -5*m - w. What are the prime factors of m?
2
Suppose 4*i + 10 = 6*i. Suppose -2*g - i*z = -25, -5*g - 3*z = -g - 15. Suppose g = -3*h + 12, -h + 28 = 5*s + 9. List the prime factors of s.
3
Let y(v) = -2*v**2 - 4*v - 3. Let f be y(-2). List the prime factors of ((-17)/f)/(1/3).
17
Suppose -f + 5*w + 27 = 0, -f - 2*f = 2*w - 115. List the prime factors of f.
37
Let r be (-2)/2*(7 + -3). Let l be (-219)/(-7) - r/(-14). Suppose 2*n = -10, l = 2*o - n - 4*n. What are the prime factors of o?
3
Suppose 0 = -q + 2*u + 5, 0*q - q - 3*u = 0. What are the prime factors of (-4 - -3)*q*-2?
2, 3
Let t(y) = -y + 10. Let a be t(9). Let q = a + 1. Suppose q*m = -3*m + 110. What are the prime factors of m?
2, 11
List the prime factors of ((-34)/4)/(5/(-50)).
5, 17
Suppose -6*q + q = -2*i - 203, -4*i - 3*q = 341. Let h = i + 126. List the prime factors of h.
37
Let f be 0/(2 - (2 + -1)). Suppose -2*i + i + 4*g - 12 = f, -4*g = -5*i - 12. Suppose i = 2*n + 5*t - 16 - 7, -5*t + 5 = 0. List the prime factors of n.
3
Suppose 0*r + 2*r = 96. List the prime factors of r.
2, 3
Let q = -208 - -489. What are the prime factors of q?
281
Let q be 3/(-9)*(-2 + -1). Let u be 1*(0/1)/q. Suppose -4*o + 5 + 27 = u. List the prime factors of o.
2
Suppose 2*p + 753 = 5*s, 0 = 2*s - 5*p + 24 - 321. List the prime factors of s.
151
Let q = -13 - -8. Let n = 9 + q. What are the prime factors of n?
2
Let j(s) = -2*s - 7. Let y(a) = 2*a + 8. Let k(c) = -4*j(c) - 3*y(c). List the prime factors of k(7).
2, 3
Suppose 2*x - 14 = t, -4*x + 9 + 15 = -t. What are the prime factors of (-32)/12*18/t?
2, 3
Let q be ((-17)/(-3))/((-6)/(-18)). Let k = q + -9. What are the prime factors of k?
2
Suppose 4*f + d - 23 = -2*d, f + 5*d = 27. Let u(x) = x - 3*x**2 + 6*x**2 - 2*x**f. List the prime factors of u(2).
2, 3
Suppose -8*k = -3*k - 95. Suppose 0 = l + 4*j + k, 12 = 3*l + 4*j + 37. What are the prime factors of 33/9 + (-1)/l?
2
Suppose -4*i + 253 = -79. What are the prime factors of i?
83
What are the prime factors of (((-1)/(-1))/2)/((-11)/(-2486))?
113
Suppose 68 = -2*q + 514. Suppose 58 - q = -5*a. What are the prime factors of a?
3, 11
Suppose -2*a = 3*g, 3*g = -4*a + 4*g. Suppose -1 = -r - a. Suppose -2*z = -4*f + 14, 0 = 4*z + 5*f + r - 38. List the prime factors of z.
3
Let v(j) = -2*j - 1. Let q(c) = -c**2 + 8*c - 10. Let k be q(7). List the prime factors of v(k).
5
Let p be 6/1 - (1 + -1). What are the prime factors of (2/p)/(6/54)?
3
Let g(o) = o**3 - 6*o**2 + 3*o + 8. What are the prime factors of g(6)?
2, 13
Suppose 5*m + 114 - 24 = 0. Suppose 4*g + 58 = 6*g. Let x = m + g. List the prime factors of x.
11
Let j(h) = 15*h - 2. Let c be j(3). Let k be ((-56)/(-21))/(-4)*(-78)/(-2). Let z = c + k. List the prime factors of z.
17
Let x(q) = q - 1. Let p(l) = 3*l - 6. Let z(s) = -p(s) + 2*x(s). Let m be z(7). Let f = 0 - m. List the prime factors of f.
3
Let f(w) = -2*w**3 - 4*w**2 - 2*w. Let t = 6 - 8. Let a be f(t). Suppose -2*q = k - 9, 3*k = -a*q - 15 + 42. What are the prime factors of k?
3
Suppose -l + 4 + 0 = 0. Suppose 4*v = l + 20. List the prime factors of 40/v - 4/(-12).
7
Suppose 3*o - 9 = 6. Let n be (-6)/15 - (-302)/o. Suppose -2*v = 3*v - n. What are the prime factors of v?
2, 3
Let c = -4 - -6. Let x(p) = -c*p - 3 - 2 - 4 + 4. List the prime factors of x(-6).
7
Let k = 158 - 73. List the prime factors of k.
5, 17
Suppose 2*s - 23 = 135. What are the prime factors of s?
79
What are the prime factors of (-3)/1 - 5/((-35)/448)?
61
Let h(b) = -5*b - 5*b - b + 3*b. Let i be h(-1). List the prime factors of i/(-6)*(-21)/2.
2, 7
Let u(j) = -j**3 - 10*j**2 - j - 9. Let y be u(-10). Suppose 2*n - y = n. What are the prime factors of (-1)/n*(-14 - 1)?
3, 5
Suppose -3*o + 47 = 2*r - 6, -o + 27 = -4*r. Suppose 4*h = 13 + o. List the prime factors of h.
2
Let h = 32 - -19. List the prime factors of h.
3, 17
Let n(j) = j**3 - 5*j**2 + 6*j - 6. Let x be n(4). Suppose -x*t + t = -15. What are the prime factors of t?
3, 5
Let m = 1545 + -2240. Let y be m/7 - 2/(-7). What are the prime factors of y/(-12) - (-2)/(-8)?
2
Let r(q) = q**3 - 7*q**2 + 7*q - 6. Let l be r(6). Suppose l = 2*d - 5*i + 47, -6*d + i - 51 = -3*d. Let n = d - -25. What are the prime factors of n?
3
What are the prime factors of (-1989)/(-5) - (-6)/30?
2, 199
Let r = -7 + 16. Let v = r - -7. List the prime factors of v.
2
Let j(b) = -b + 9. Let w be j(5). What are the prime facto